i(r) = -2*r**2 - 14*r - 2. Let b(k) = -3*i(k) + 4*p(k). What is b(-2)?
-2
Let a(s) = -3*s**3 - 4*s**2 + 4*s + 1. Let o(p) = 5*p**3 + 3*p**2 - 6*p - 3. Let k(z) = 3*a(z) + 2*o(z). Let w be (-13)/(-2) - 1/2. Calculate k(w).
-3
Let w = 223 + -228. Let k(d) = d**2 + 3*d - 3. Give k(w).
7
Let j(n) be the third derivative of n**7/840 + n**5/6 - 10*n**2. Let v(h) be the third derivative of j(h). What is v(3)?
18
Let r(y) = -2*y**3 - y**2 - 23. Let g(z) = 3*z**3 + 2*z**2 + 43. Let s(d) = -3*g(d) - 5*r(d). Calculate s(0).
-14
Let a = 103 + -123. Let h be 56/a + (-4)/20. Let y(p) = p**3 + 3*p**2 + p + 1. What is y(h)?
-2
Suppose -4*i + 35 = 19. Suppose 5*c - i = -q, 11 = -q + 3*c - 1. Let j(s) be the third derivative of s**5/60 + 7*s**4/24 - s**3/2 + 2*s**2. Calculate j(q).
-9
Let m(o) = -o + 4. Let f be m(5). Let g(u) = -u + 4. Let j(v) = -v + 3. Let k(a) = -3*g(a) + 4*j(a). Determine k(f).
1
Let u(p) = -p**3 - 5*p**2 + p + 11. Let k be u(-5). Let c(t) = -2*t - 8. Let f be c(-6). Let a(v) = -5*v - f*v**2 + v**2 - k - 1 + 4*v**2. Determine a(6).
-1
Let a(v) = -3*v - 10. Let h(c) = -c - 1. Let g(k) = a(k) - 4*h(k). Let u = -118 - -123. Calculate g(u).
-1
Let r = 32 + -17. Let o = -9 + r. Let i(s) = s**2 - 5*s - 3. Give i(o).
3
Let p(u) = -2*u**2 + 5*u + 20. Suppose -11 = -3*d + 34. Let n = -18 + d. Let v(h) = -h**2 + 3*h + 10. Let i(x) = n*p(x) + 5*v(x). Give i(0).
-10
Suppose 10*m - 52 - 8 = 0. Let n be -5*3*(-1)/m*-2. Let v(t) = -4*t**2 - t**3 - 2*t**3 - 6 + 2*t**3 + 5*t. Determine v(n).
-6
Let p(g) = -9*g + 62. Let f be 32/6*2/((-20)/(-15)). Let z be p(f). Let j(n) = -n - 13. Determine j(z).
-3
Let i(u) = u**2 - 11*u + 9. Let w be 132/33 - -1*5. Give i(w).
-9
Suppose -12*z = -14*z + 24. Suppose -z*s = -9*s - 2*p + 33, 15 = 5*p. Let a(y) = y**2 + 10*y + 1. Determine a(s).
-8
Let q = -913 - -906. Let m(t) = -5*t**3 + 16*t**2 + 18*t + 12. Let x(b) = -3*b**3 + 11*b**2 + 12*b + 8. Let y(g) = 5*m(g) - 8*x(g). Determine y(q).
-11
Let v = 17 + -10. Let r be (1 - 0)/(1/5). Suppose r*t + 4*g + v = -6, 0 = -3*t - g - 12. Let h(y) = y**3 + 6*y**2 + 4*y - 7. Calculate h(t).
-2
Let i(w) = w + 0*w**3 + 2*w**2 + 2*w - w**3 - 3. Let k be i(3). Let a(l) = 3*l - l**3 - 3*l**2 + 2*l - 4 + l**2 - 6*l. Determine a(k).
8
Let b(q) be the first derivative of -q**2/2 - 1. Let h(t) = t**3 + 4*t**2 + 3*t + 1. Let a be h(-2). Suppose a*w = -3*r + 12, -12 = -r - 0*r - 5*w. Give b(r).
-2
Let n(a) = 22*a**2 + 3. Let i(z) = -50*z**2 - 2*z - 7. Let s(w) = -4*i(w) - 9*n(w). What is s(-4)?
1
Let w(u) = u + 2. Suppose 103*v - 105*v + 44 = 0. Suppose 0 = -v*m + 17*m - 45. Calculate w(m).
-7
Let v be (4 - -40) + (0 - -2) + -4. Suppose 12*a + v = 6*a. Let y(c) = -c - 1. What is y(a)?
6
Suppose 0 = y - 3*y + 3*a + 33, 0 = 4*y + 2*a - 90. Let t(x) = -x + 20. Determine t(y).
-1
Let j(h) = h**3 + 6*h**2 + 3*h - 7. Suppose 18*y - 12*y + 30 = 0. What is j(y)?
3
Suppose 11 = 2*p - i, -i + 6 - 20 = -3*p. Let a(y) = 17*y. Determine a(p).
51
Let s(n) = -n**3 - 525*n + 7 - 6*n**2 + 2*n**3 + 515*n. Give s(7).
-14
Let k(w) be the second derivative of -w**5/20 + w**4/4 - w**3/3 + 2*w. Let t = -45 + 52. Suppose t*x - 12*x + 15 = 0. Determine k(x).
-6
Let w = 60 + -56. Let t(d) = 5*d**3 + 6*d**2 + 6*d + 9. Let k(x) = -x**3 + x**2 + x - 1. Let f(p) = w*k(p) + t(p). Give f(-9).
-4
Suppose 5 = -5*f + 20. Suppose 1 - 16 = -f*c. Let h(v) = -4*v + 5*v**2 + v**3 - c*v + 3*v. Give h(-6).
0
Let k(u) = 10*u - 11. Let h(d) = -13*d + 13. Let p(l) = -5*h(l) - 6*k(l). Let z be 2/(-1 - (-1 + 1)). Determine p(z).
-9
Suppose -1 - 2 = 3*d. Let n(y) = -y - 1. Suppose 0 = 4*w - 3*w + 3*c - 14, -3*c = -2*w + 1. Let x(o) = -15*o - 6. Let s(i) = d*x(i) + w*n(i). What is s(1)?
11
Let y be (-5)/(3/(-2) - 1). Let k(n) = 2*n**y + 4*n**2 - 4*n - 3 - 4*n**2 - 4*n**2. What is k(-2)?
-3
Let c(v) = -18*v + 13. Let w(o) = 8*o - 6. Let g(p) = 3*c(p) + 7*w(p). Calculate g(-2).
-7
Let i(r) be the second derivative of r**7/2520 - r**6/90 - r**5/24 - 7*r**4/6 - 20*r. Let c(l) be the third derivative of i(l). Calculate c(6).
-17
Suppose -5 = n - 5 + 3. Let p(m) = -7*m**2 + 15*m - 11. Let a(y) = -4*y**2 + 8*y - 6. Let z(b) = 11*a(b) - 6*p(b). Determine z(n).
-12
Let h(t) = -t**2 - 2*t + 5. Suppose 9*j - 288 = -324. What is h(j)?
-3
Let o be 0*(-3)/(-6) + 2. Suppose o*h - 2*c + 8 = 2*c, h = -3*c + 11. Let l(g) = 7 + 1 + 5*g - 1 + g**2 - h. Give l(-5).
5
Suppose 5*p = -5, 6*o = 5*o + p + 7. Let c(u) = 11*u**3 + 2*u**2 + 5*u - 6. Let n(a) = -12*a**3 - 2*a**2 - 6*a + 7. Let b(j) = o*c(j) + 5*n(j). Determine b(-1).
-5
Let w(s) be the second derivative of s**5/120 + s**4/6 + 23*s**3/3 - 31*s. Let l(k) be the second derivative of w(k). Determine l(-4).
0
Let i(d) = 4*d - 11 + 18 - d**3 - 2 - 3*d**2. Determine i(-4).
5
Suppose 5*i + 5*u + 0*u + 120 = 0, 92 = -5*i + 2*u. Let p = -11 - i. Let o(h) = h - 11. What is o(p)?
-2
Let a(d) be the first derivative of -d**2/2 - 7*d + 14. What is a(-7)?
0
Let n be (1/(-8)*-6)/((-32)/(-384)). Let p(x) = x**3 - 9*x**2 - 2*x + 9. Calculate p(n).
-9
Let w be 2 + (2 - (-2 + 9)). Let i(j) be the third derivative of 0 + 1/6*j**3 + 26*j**2 - 1/24*j**4 + 0*j. Determine i(w).
4
Let c(s) = 4*s**3. Let n = -306 + 308. Determine c(n).
32
Let z(l) = -5*l**3 + l**2 + 2*l - 21. Let g(x) = -7*x**3 + x**2 + 3*x - 21. Let f(o) = -2*g(o) + 3*z(o). What is f(0)?
-21
Let a(j) = -j**2 - j + 2 + 5*j - 5. Let c be a(3). Let q(d) be the third derivative of -d**4/24 - d**3/6 - 13*d**2. What is q(c)?
-1
Suppose 2 = 45*j - 44*j. Suppose 2 = -j*m - 2. Let r(y) = y**3 - 2*y + 1. Calculate r(m).
-3
Let k(b) = -b**3 + 5*b + b - b + 4 + 377*b**2 - 378*b**2. Give k(-3).
7
Let c(v) = v - 8. Let n be (-14)/49 + 80/(-14). Let h = 6 + n. Determine c(h).
-8
Let b(c) = 6 - 8*c + 4*c + c. Let y = -40 - -58. Let m = y - 13. What is b(m)?
-9
Suppose 7*i = 10*i - 6. Let k(y) = -8*y - y**3 + y**2 + 0*y**3 + 8*y**i. Give k(8).
0
Let b(f) = -3*f + 7. Let u = -101 - -59. Let g = u + 48. Calculate b(g).
-11
Let f(n) = n**3 + n - 10. Let i be f(2). Let a(q) = q**2 - q + 4. What is a(i)?
4
Let j(z) be the third derivative of -z**4/24 + z**3/3 - 2*z**2. Let y be ((-30)/75)/((-2)/30). Calculate j(y).
-4
Let f(a) be the second derivative of -7*a**3/6 + 5*a**2/2 + 97*a. Calculate f(7).
-44
Let q(t) = 2*t**3 + 0*t - t + 4750 - t**3 + 14*t**2 - 4764. Determine q(-14).
0
Suppose -3*s - s = u + 30, -u - 16 = 2*s. Let l(v) be the first derivative of v**3/3 + 9*v**2/2 - 3*v - 6191. Calculate l(s).
-17
Suppose x + 3 = -2*x. Let n(j) = -687*j**2 + 335*j**2 + 338*j**2. Give n(x).
-14
Let q(v) = v**2 - 17*v + 3. Let w(r) = -r**2 + 19*r - 5. Let z(n) = -4*q(n) - 3*w(n). Calculate z(11).
3
Suppose -2 = 14*g - 16. Let d(c) = -32*c**3 - 2*c**2 + 1. Determine d(g).
-33
Let z(q) be the third derivative of -q**4/24 + 2*q**3/3 - q**2 - 156*q. Let h = -15 + 21. What is z(h)?
-2
Let k(q) = q**2 + 4*q - 4. Let w(p) = p**2 - 12*p + 15. Let i be 53 + (3 - 6) + 4. Suppose 0 = -5*o + i - 4. Let s be w(o). Calculate k(s).
1
Let l(f) = -f + 1 + 3 + 9 + 2*f. Determine l(-10).
3
Let a(s) = 160 + 145 + 4*s - 319. Give a(12).
34
Let v(q) = 80 + q - 58 + 0*q + 2*q**3 - q**2 - q**3. What is v(0)?
22
Let b(w) be the second derivative of w**5/20 + 7*w**4/6 + w**3/6 + 15*w**2/2 - 184*w. Determine b(-14).
1
Let w(i) = 1. Let v(m) = -m + 9. Let n(g) = -3*g. Let t be n(2). Let r(f) = t*w(f) + v(f). Determine r(5).
-2
Let s(p) = p**2 - 9*p + 1. Let f(k) = -4*k**2 + 28*k - 3. Let t(l) = -2*f(l) - 7*s(l). Let a(r) = -2*r + 3. Let c be a(5). Determine t(c).
-1
Let h(n) be the third derivative of -11*n**5/60 - n**4/24 - n**3/6 - 51*n**2. Determine h(-1).
-11
Let u = -109 + 115. Let m(p) be the third derivative of -p**6/120 + 7*p**5/60 - p**4/6 - 4*p**3/3 - p**2. Give m(u).
4
Let i(s) = 4*s**2 + 2*s + 4. Let r(v) = -v**2 - 1. Let f(y) = i(y) + 6*r(y). Suppose 24*u - 4 = 22*u. Calculate f(u).
-6
Let b(m) = -2*m + 230 - 118 - 121. Let n be b(-5). Let h(x) = -5*x**2 + x - 1. Determine h(n).
-5
Let l(n) be the second derivative of 7*n**3/3 + 3*n**2 + 304*n. Give l(-3).
-36
Let v be (-27)/(-2)*4/6. Let j(r) = r + 1. Let k(g) = 5*g + 3. Let o(h) = v*j(h) - 2*k(h). Suppose -4*x - 5*l + l = 0, l = -3*x + 8. Calculate o(x).
-1
Let q(v) = -2*v**2 + 2*v - 2. Let f be q(1). Let n(m) be the third derivative of -m**4/24 + 